{"id":25496,"date":"2026-02-03T14:55:20","date_gmt":"2026-02-03T14:55:20","guid":{"rendered":"https:\/\/www.ss-aharacica-malilosinj.com.hr\/?page_id=25496"},"modified":"2026-02-27T17:30:55","modified_gmt":"2026-02-27T17:30:55","slug":"financijsko-izvjesce-2025-g","status":"publish","type":"page","link":"http:\/\/www.ss-aharacica-malilosinj.com.hr\/?page_id=25496","title":{"rendered":"FINANCIJSKO IZVJE\u0160\u0106E ZA 2025. GODINU"},"content":{"rendered":"\n<p>03.02.2025. <a href=\"http:\/\/www.ss-aharacica-malilosinj.com.hr\/wp-content\/uploads\/2026\/02\/Obrasci_financijskih_izvjestaja_v_8.3.0.xlsx\">OBRASCI FINANCIJSKIH UZVJE\u0160TAJA ZA 2025. G.<\/a><\/p>\n\n\n\n<p>03.02.2025. <a href=\"http:\/\/www.ss-aharacica-malilosinj.com.hr\/wp-content\/uploads\/2026\/02\/bilj-financijsko-2025.doc\">BILJE\u0160KE UZ FINANCIJSKE IZVJE\u0160TAJE ZA\u00a0 RAZDOBLJE<\/a>    01.sije\u010dnja 2025. \u2013 31. prosinca 2025.<\/p>\n\n\n\n<p><\/p>\n","protected":false},"excerpt":{"rendered":"<p>03.02.2025. OBRASCI FINANCIJSKIH UZVJE\u0160TAJA ZA 2025. G. 03.02.2025. BILJE\u0160KE UZ FINANCIJSKE IZVJE\u0160TAJE ZA\u00a0 RAZDOBLJE 01.sije\u010dnja 2025. \u2013 31. prosinca 2025.<\/p>\n","protected":false},"author":18,"featured_media":0,"parent":7524,"menu_order":18,"comment_status":"closed","ping_status":"closed","template":"","meta":{"footnotes":""},"class_list":["post-25496","page","type-page","status-publish","hentry"],"_links":{"self":[{"href":"http:\/\/www.ss-aharacica-malilosinj.com.hr\/index.php?rest_route=\/wp\/v2\/pages\/25496","targetHints":{"allow":["GET"]}}],"collection":[{"href":"http:\/\/www.ss-aharacica-malilosinj.com.hr\/index.php?rest_route=\/wp\/v2\/pages"}],"about":[{"href":"http:\/\/www.ss-aharacica-malilosinj.com.hr\/index.php?rest_route=\/wp\/v2\/types\/page"}],"author":[{"embeddable":true,"href":"http:\/\/www.ss-aharacica-malilosinj.com.hr\/index.php?rest_route=\/wp\/v2\/users\/18"}],"replies":[{"embeddable":true,"href":"http:\/\/www.ss-aharacica-malilosinj.com.hr\/index.php?rest_route=%2Fwp%2Fv2%2Fcomments&post=25496"}],"version-history":[{"count":4,"href":"http:\/\/www.ss-aharacica-malilosinj.com.hr\/index.php?rest_route=\/wp\/v2\/pages\/25496\/revisions"}],"predecessor-version":[{"id":25718,"href":"http:\/\/www.ss-aharacica-malilosinj.com.hr\/index.php?rest_route=\/wp\/v2\/pages\/25496\/revisions\/25718"}],"up":[{"embeddable":true,"href":"http:\/\/www.ss-aharacica-malilosinj.com.hr\/index.php?rest_route=\/wp\/v2\/pages\/7524"}],"wp:attachment":[{"href":"http:\/\/www.ss-aharacica-malilosinj.com.hr\/index.php?rest_route=%2Fwp%2Fv2%2Fmedia&parent=25496"}],"curies":[{"name":"wp","href":"https:\/\/api.w.org\/{rel}","templated":true}]}}