{"id":23683,"date":"2025-04-02T10:05:40","date_gmt":"2025-04-02T10:05:40","guid":{"rendered":"https:\/\/www.ss-aharacica-malilosinj.com.hr\/?page_id=23683"},"modified":"2026-01-03T18:04:17","modified_gmt":"2026-01-03T18:04:17","slug":"skolski-odbor-2025","status":"publish","type":"page","link":"http:\/\/www.ss-aharacica-malilosinj.com.hr\/?page_id=23683","title":{"rendered":"\u0160KOLSKI ODBOR 2025."},"content":{"rendered":"\n<figure class=\"wp-block-table\"><table><tbody><tr><td>Nadnevak<\/td><td>OPIS<\/td><\/tr><tr><td>&nbsp;11.02.2025.<\/td><td>&nbsp;<a href=\"http:\/\/www.ss-aharacica-malilosinj.com.hr\/wp-content\/uploads\/2025\/04\/poziv-53-13.2.25.-1-1.pdf\">Dnevni red 53. sjednice \u0160kolskog odbora<\/a><\/td><\/tr><tr><td>&nbsp;13.02.2025.<\/td><td><a href=\"http:\/\/www.ss-aharacica-malilosinj.com.hr\/wp-content\/uploads\/2025\/04\/zakljucci-53-13.2.25-1.pdf\">&nbsp;Zaklju\u010dci 53. sjednice \u0160kolskog odbora<\/a><\/td><\/tr><tr><td> 21.03.2025.<\/td><td>&nbsp;<a href=\"http:\/\/www.ss-aharacica-malilosinj.com.hr\/wp-content\/uploads\/2025\/04\/poziv-1-21.3.22.pdf\">Dnevni red 1. sjednice \u0160kolskog odbora<\/a><\/td><\/tr><tr><td> 21.03.2025.<\/td><td>&nbsp;<a href=\"http:\/\/www.ss-aharacica-malilosinj.com.hr\/wp-content\/uploads\/2025\/04\/zakljucci-1-21.3.-25.pdf\">Zaklju\u010dci 1. sjednice \u0160kolskog odbora<\/a><\/td><\/tr><tr><td> 28.03.2025.<\/td><td> <a href=\"http:\/\/www.ss-aharacica-malilosinj.com.hr\/wp-content\/uploads\/2025\/04\/poziv-2-31.3.25.pdf\">Dnevni red 2. sjednice \u0160kolskog odbora<\/a><\/td><\/tr><tr><td> 31.03.2025.<\/td><td>&nbsp;<a href=\"http:\/\/www.ss-aharacica-malilosinj.com.hr\/wp-content\/uploads\/2025\/04\/zakljucci-2-31.3.-25.pdf\">Zaklju\u010dci 2. sjednice \u0160kolskog odbora<\/a><\/td><\/tr><tr><td> 05.05.2025.<\/td><td>&nbsp;<a href=\"http:\/\/www.ss-aharacica-malilosinj.com.hr\/wp-content\/uploads\/2025\/06\/poziv-3.pdf\">Dnevni red 3. sjednice \u0160kolskog odbora<\/a><\/td><\/tr><tr><td> 08.05.2025.<\/td><td>&nbsp;<a href=\"http:\/\/www.ss-aharacica-malilosinj.com.hr\/wp-content\/uploads\/2025\/06\/zakljucci-3.pdf\">Zaklju\u010dci 3. sjednice \u0160kolskog odbora<\/a><\/td><\/tr><tr><td> 11.06.2025.<\/td><td><a href=\"http:\/\/www.ss-aharacica-malilosinj.com.hr\/wp-content\/uploads\/2025\/06\/poziv-4.pdf\">&nbsp;Dnevni red 4. sjednice \u0160kolskog odbora<\/a><\/td><\/tr><tr><td> 12.06.2025.<\/td><td>&nbsp;<a href=\"http:\/\/www.ss-aharacica-malilosinj.com.hr\/wp-content\/uploads\/2025\/06\/zakljucak-4.pdf\">Zaklju\u010dci 4. sjednice \u0160kolskog odbora<\/a><\/td><\/tr><tr><td> 15.07.2025.<\/td><td><a href=\"http:\/\/www.ss-aharacica-malilosinj.com.hr\/wp-content\/uploads\/2025\/07\/poziv-5.pdf\">&nbsp;Dnevni red 5. sjednice \u0160kolskog odbora<\/a><\/td><\/tr><tr><td> 16.07.2025.<\/td><td>&nbsp;<a href=\"http:\/\/www.ss-aharacica-malilosinj.com.hr\/wp-content\/uploads\/2025\/07\/zakljucci-5.pdf\">Zaklju\u010dci 5. sjednice \u0160kolskog odbora<\/a><\/td><\/tr><tr><td> 28.08.2025.<\/td><td><a href=\"http:\/\/www.ss-aharacica-malilosinj.com.hr\/wp-content\/uploads\/2025\/09\/poziv-6.pdf\">Dnevni red 6. sjednice \u0160kolskog odbora<\/a><\/td><\/tr><tr><td> 29.08.2025<\/td><td><a href=\"http:\/\/www.ss-aharacica-malilosinj.com.hr\/wp-content\/uploads\/2025\/09\/zakljucci-6.pdf\">Zaklju\u010dci 6. sjednice \u0160kolskog odbora<\/a><\/td><\/tr><tr><td>26.09.2025.<\/td><td><a href=\"http:\/\/www.ss-aharacica-malilosinj.com.hr\/wp-content\/uploads\/2025\/11\/poziv-7.pdf\">Dnevni red 7. sjednice \u0160kolskog odbora<\/a><\/td><\/tr><tr><td>02.10.2025.<\/td><td><a href=\"http:\/\/www.ss-aharacica-malilosinj.com.hr\/wp-content\/uploads\/2025\/11\/zakljucak-7.pdf\">Zaklju\u010dci 7. sjednice \u0160kolskog odbora<\/a><\/td><\/tr><tr><td>03.10.2025.<\/td><td><a href=\"http:\/\/www.ss-aharacica-malilosinj.com.hr\/wp-content\/uploads\/2025\/11\/poziv-8.pdf\">Dnevni red 8. sjednice \u0160kolskog odbora<\/a><\/td><\/tr><tr><td>07.10.2025.<\/td><td><a href=\"http:\/\/www.ss-aharacica-malilosinj.com.hr\/wp-content\/uploads\/2025\/11\/zakljucci-8.pdf\">Zaklju\u010dci 8. sjednice \u0160kolskog odbora<\/a><\/td><\/tr><tr><td>13.10.2025.<\/td><td><a href=\"http:\/\/www.ss-aharacica-malilosinj.com.hr\/wp-content\/uploads\/2025\/11\/poziv-9.pdf\">Dnevni red 9. sjednice \u0160kolskog odbora<\/a><\/td><\/tr><tr><td>14.10.2025.<\/td><td><a href=\"http:\/\/www.ss-aharacica-malilosinj.com.hr\/wp-content\/uploads\/2025\/11\/zakljucak-9.pdf\">Zaklju\u010dci 9. sjednice \u0160kolskog odbora<\/a><\/td><\/tr><tr><td>28.10.2025.<\/td><td><a href=\"http:\/\/www.ss-aharacica-malilosinj.com.hr\/wp-content\/uploads\/2025\/11\/poziv-10.pdf\">Dnevni red 10. sjednice \u0160kolskog odbora<\/a><\/td><\/tr><tr><td>30.10.2025.<\/td><td><a href=\"http:\/\/www.ss-aharacica-malilosinj.com.hr\/wp-content\/uploads\/2025\/11\/zakljucci-10.pdf\">Zaklju\u010dci 10. sjednice \u0160kolskog odbora<\/a><\/td><\/tr><tr><td>24.12.2025.<\/td><td><a href=\"http:\/\/www.ss-aharacica-malilosinj.com.hr\/wp-content\/uploads\/2026\/01\/poziv-11.pdf\">Dnevni red 11. sjednice \u0160kolskog odbora<\/a><\/td><\/tr><tr><td>24.12.2025.<\/td><td><a href=\"http:\/\/www.ss-aharacica-malilosinj.com.hr\/wp-content\/uploads\/2026\/01\/zakljucci-11.pdf\">Zaklju\u010dci 11. sjednice \u0160kolskog odbora<\/a><\/td><\/tr><tr><\/tr><\/tbody><\/table><\/figure>\n\n\n\n\n\n<p><\/p>\n","protected":false},"excerpt":{"rendered":"<p>Nadnevak OPIS &nbsp;11.02.2025. &nbsp;Dnevni red 53. sjednice \u0160kolskog odbora &nbsp;13.02.2025. &nbsp;Zaklju\u010dci 53. sjednice \u0160kolskog odbora 21.03.2025. &nbsp;Dnevni red 1. sjednice \u0160kolskog odbora 21.03.2025. &nbsp;Zaklju\u010dci 1. sjednice \u0160kolskog odbora 28.03.2025. Dnevni red 2. sjednice \u0160kolskog odbora 31.03.2025. &nbsp;Zaklju\u010dci 2. sjednice \u0160kolskog odbora 05.05.2025. &nbsp;Dnevni red 3. sjednice \u0160kolskog odbora 08.05.2025. &nbsp;Zaklju\u010dci 3. sjednice \u0160kolskog odbora 11.06.2025. [&hellip;]<\/p>\n","protected":false},"author":18,"featured_media":0,"parent":11781,"menu_order":8,"comment_status":"closed","ping_status":"closed","template":"","meta":{"footnotes":""},"class_list":["post-23683","page","type-page","status-publish","hentry"],"_links":{"self":[{"href":"http:\/\/www.ss-aharacica-malilosinj.com.hr\/index.php?rest_route=\/wp\/v2\/pages\/23683","targetHints":{"allow":["GET"]}}],"collection":[{"href":"http:\/\/www.ss-aharacica-malilosinj.com.hr\/index.php?rest_route=\/wp\/v2\/pages"}],"about":[{"href":"http:\/\/www.ss-aharacica-malilosinj.com.hr\/index.php?rest_route=\/wp\/v2\/types\/page"}],"author":[{"embeddable":true,"href":"http:\/\/www.ss-aharacica-malilosinj.com.hr\/index.php?rest_route=\/wp\/v2\/users\/18"}],"replies":[{"embeddable":true,"href":"http:\/\/www.ss-aharacica-malilosinj.com.hr\/index.php?rest_route=%2Fwp%2Fv2%2Fcomments&post=23683"}],"version-history":[{"count":17,"href":"http:\/\/www.ss-aharacica-malilosinj.com.hr\/index.php?rest_route=\/wp\/v2\/pages\/23683\/revisions"}],"predecessor-version":[{"id":25419,"href":"http:\/\/www.ss-aharacica-malilosinj.com.hr\/index.php?rest_route=\/wp\/v2\/pages\/23683\/revisions\/25419"}],"up":[{"embeddable":true,"href":"http:\/\/www.ss-aharacica-malilosinj.com.hr\/index.php?rest_route=\/wp\/v2\/pages\/11781"}],"wp:attachment":[{"href":"http:\/\/www.ss-aharacica-malilosinj.com.hr\/index.php?rest_route=%2Fwp%2Fv2%2Fmedia&parent=23683"}],"curies":[{"name":"wp","href":"https:\/\/api.w.org\/{rel}","templated":true}]}}