{"id":18540,"date":"2022-11-03T18:22:32","date_gmt":"2022-11-03T18:22:32","guid":{"rendered":"http:\/\/www.ss-aharacica-malilosinj.com.hr\/?page_id=18540"},"modified":"2022-11-03T18:25:18","modified_gmt":"2022-11-03T18:25:18","slug":"2019-2020","status":"publish","type":"page","link":"http:\/\/www.ss-aharacica-malilosinj.com.hr\/?page_id=18540","title":{"rendered":"2019.\/2020."},"content":{"rendered":"<p>CORONA \ud83d\ude41<\/p>\n<p><a href=\"http:\/\/www.ss-aharacica-malilosinj.com.hr\/?p=14388\">3. PUB KVIZ &#8211; 28. velja\u010de 2020.<\/a><\/p>\n<p><a href=\"http:\/\/www.ss-aharacica-malilosinj.com.hr\/?p=14126\">2. PUB KVIZ &#8211; 20 sije\u010dnja 2020.<\/a><\/p>\n<p>\u0160TRAJK \ud83d\ude41<\/p>\n<p><a href=\"http:\/\/www.ss-aharacica-malilosinj.com.hr\/?p=13621\">1. PUB KVIZ &#8211; 29. listopad 2019.<\/a><\/p>\n","protected":false},"excerpt":{"rendered":"<p>CORONA \ud83d\ude41 3. PUB KVIZ &#8211; 28. velja\u010de 2020. 2. PUB KVIZ &#8211; 20 sije\u010dnja 2020. \u0160TRAJK \ud83d\ude41 1. PUB KVIZ &#8211; 29. listopad 2019.<\/p>\n","protected":false},"author":18,"featured_media":0,"parent":18525,"menu_order":12,"comment_status":"closed","ping_status":"closed","template":"","meta":{"footnotes":""},"class_list":["post-18540","page","type-page","status-publish","hentry"],"_links":{"self":[{"href":"http:\/\/www.ss-aharacica-malilosinj.com.hr\/index.php?rest_route=\/wp\/v2\/pages\/18540","targetHints":{"allow":["GET"]}}],"collection":[{"href":"http:\/\/www.ss-aharacica-malilosinj.com.hr\/index.php?rest_route=\/wp\/v2\/pages"}],"about":[{"href":"http:\/\/www.ss-aharacica-malilosinj.com.hr\/index.php?rest_route=\/wp\/v2\/types\/page"}],"author":[{"embeddable":true,"href":"http:\/\/www.ss-aharacica-malilosinj.com.hr\/index.php?rest_route=\/wp\/v2\/users\/18"}],"replies":[{"embeddable":true,"href":"http:\/\/www.ss-aharacica-malilosinj.com.hr\/index.php?rest_route=%2Fwp%2Fv2%2Fcomments&post=18540"}],"version-history":[{"count":2,"href":"http:\/\/www.ss-aharacica-malilosinj.com.hr\/index.php?rest_route=\/wp\/v2\/pages\/18540\/revisions"}],"predecessor-version":[{"id":18544,"href":"http:\/\/www.ss-aharacica-malilosinj.com.hr\/index.php?rest_route=\/wp\/v2\/pages\/18540\/revisions\/18544"}],"up":[{"embeddable":true,"href":"http:\/\/www.ss-aharacica-malilosinj.com.hr\/index.php?rest_route=\/wp\/v2\/pages\/18525"}],"wp:attachment":[{"href":"http:\/\/www.ss-aharacica-malilosinj.com.hr\/index.php?rest_route=%2Fwp%2Fv2%2Fmedia&parent=18540"}],"curies":[{"name":"wp","href":"https:\/\/api.w.org\/{rel}","templated":true}]}}