{"id":18148,"date":"2022-07-28T12:01:47","date_gmt":"2022-07-28T12:01:47","guid":{"rendered":"http:\/\/www.ss-aharacica-malilosinj.com.hr\/?page_id=18148"},"modified":"2026-02-27T17:29:32","modified_gmt":"2026-02-27T17:29:32","slug":"financijsko-izvjesce-za-2022-g","status":"publish","type":"page","link":"http:\/\/www.ss-aharacica-malilosinj.com.hr\/?page_id=18148","title":{"rendered":"Financijsko izvje\u0161\u0107e za 2022. godinu"},"content":{"rendered":"<p><a href=\"http:\/\/www.ss-aharacica-malilosinj.com.hr\/wp-content\/uploads\/2022\/07\/IMG_20220727_0001_NEW.pdf\">Izvr\u0161enje polugodi\u0161njeg financijskog plana za 2022.<\/a><\/p>\n<p><a href=\"http:\/\/www.ss-aharacica-malilosinj.com.hr\/wp-content\/uploads\/2022\/07\/Obrasci_financijskih_izvjestaja_v_8.0.3.xlsx\">Obrasci financijskog izvje\u0161taja<\/a><\/p>\n<p><a href=\"http:\/\/www.ss-aharacica-malilosinj.com.hr\/wp-content\/uploads\/2022\/07\/IMG_20230302_0001_NEW.pdf\">Bilje\u0161ke za financijski izvje\u0161taj 1.1.2022.-31.12.2022.&nbsp;<\/a><\/p>\n<p><a href=\"http:\/\/www.ss-aharacica-malilosinj.com.hr\/wp-content\/uploads\/2022\/07\/bilje\u0161ke-financijsko-2022.doc\">Bilje\u0161ke za financijsko izvje\u0161\u0107e<\/a>&nbsp;(<a href=\"http:\/\/www.ss-aharacica-malilosinj.com.hr\/wp-content\/uploads\/2022\/07\/bilje\u0161ke-financijsko-2022.pdf\">Bilje\u0161ke 2022 u pdf-u<\/a>)<\/p>\n","protected":false},"excerpt":{"rendered":"<p>Izvr\u0161enje polugodi\u0161njeg financijskog plana za 2022. Obrasci financijskog izvje\u0161taja Bilje\u0161ke za financijski izvje\u0161taj 1.1.2022.-31.12.2022.&nbsp; Bilje\u0161ke za financijsko izvje\u0161\u0107e&nbsp;(Bilje\u0161ke 2022 u pdf-u)<\/p>\n","protected":false},"author":18,"featured_media":0,"parent":7524,"menu_order":21,"comment_status":"closed","ping_status":"closed","template":"","meta":{"footnotes":""},"class_list":["post-18148","page","type-page","status-publish","hentry"],"_links":{"self":[{"href":"http:\/\/www.ss-aharacica-malilosinj.com.hr\/index.php?rest_route=\/wp\/v2\/pages\/18148","targetHints":{"allow":["GET"]}}],"collection":[{"href":"http:\/\/www.ss-aharacica-malilosinj.com.hr\/index.php?rest_route=\/wp\/v2\/pages"}],"about":[{"href":"http:\/\/www.ss-aharacica-malilosinj.com.hr\/index.php?rest_route=\/wp\/v2\/types\/page"}],"author":[{"embeddable":true,"href":"http:\/\/www.ss-aharacica-malilosinj.com.hr\/index.php?rest_route=\/wp\/v2\/users\/18"}],"replies":[{"embeddable":true,"href":"http:\/\/www.ss-aharacica-malilosinj.com.hr\/index.php?rest_route=%2Fwp%2Fv2%2Fcomments&post=18148"}],"version-history":[{"count":7,"href":"http:\/\/www.ss-aharacica-malilosinj.com.hr\/index.php?rest_route=\/wp\/v2\/pages\/18148\/revisions"}],"predecessor-version":[{"id":19483,"href":"http:\/\/www.ss-aharacica-malilosinj.com.hr\/index.php?rest_route=\/wp\/v2\/pages\/18148\/revisions\/19483"}],"up":[{"embeddable":true,"href":"http:\/\/www.ss-aharacica-malilosinj.com.hr\/index.php?rest_route=\/wp\/v2\/pages\/7524"}],"wp:attachment":[{"href":"http:\/\/www.ss-aharacica-malilosinj.com.hr\/index.php?rest_route=%2Fwp%2Fv2%2Fmedia&parent=18148"}],"curies":[{"name":"wp","href":"https:\/\/api.w.org\/{rel}","templated":true}]}}