{"id":1274,"date":"2011-11-18T09:41:06","date_gmt":"2011-11-18T09:41:06","guid":{"rendered":"http:\/\/www.ss-aharacica-malilosinj.com.hr\/?page_id=1274"},"modified":"2013-06-27T07:22:55","modified_gmt":"2013-06-27T07:22:55","slug":"razmjena-2004-2005","status":"publish","type":"page","link":"http:\/\/www.ss-aharacica-malilosinj.com.hr\/?page_id=1274","title":{"rendered":"Razmjena 2004.\/2005."},"content":{"rendered":"<p>Od 10. do 19. o\u017eujka 2005. u razmjeni je sudjelovalo 20 u\u010denika: <strong>Ana Kersuli\u0107, Ema Kne\u017eevi\u0107, Lana Rante\u0161, Ema Celini\u0107, Kristina Divi\u0107, Jelena Dr\u010da, Ines Sterpin, Tena Ivaz, Tea Horvat, Luka Crnekovi\u0107, Mia Baoti\u0107, Tamara \u0160ulovi\u0107, Vlasta Pavi\u010di\u0107, Aleksandra Bo\u017eani\u0107, Ivana Krivi\u010di\u0107, Petra Fu\u010di\u0107, Sandra Oltran, Paolo Dunkovi\u0107, Bojan Mali\u0107 i Nina \u0160\u0107eki\u0107 <\/strong>u pratnji profesorice <strong>Sun\u010dane Dundov.<\/strong><\/p>\n<p>&nbsp;<\/p>\n<p>&nbsp;<\/p>\n<p>U\u010denici su zajedno sa svojim doma\u0107inima sudjelovali u nastavi, posjetili su tvornicu za recikliranje sme\u0107a Jakob Becker Entsorgungs GmbH u Wormsu i vidjeli kako se od sme\u0107a mo\u017ee dobiti gotov proizvod. Zatim su razgledali i staru jezgru Wormsa. Posjetili su zgradu njema\u010dke televizije ZDF u Mainzu i razgledali sam grad, bili su u Speyeru i u gradi\u0107u Wissenbourg (Francuska) na granici s Njema\u010dkom. Po prvi put su posjetili zabavni park Holiday Park i grad Heidelberg, a bili su i na primanju kod gradona\u010delnika Hasslocha od kojeg su dobili prigodne darove.<\/p>\n<p>Ispred \u0161kole do\u010dekala nas je i hrvatska zastava<\/p>\n<p><a href=\"http:\/\/www.ss-aharacica-malilosinj.com.hr\/wp-content\/uploads\/2011\/11\/Ispred-skole-docekala-nas-je-i-hrvatska-zastava-2005..jpg\"><img loading=\"lazy\" decoding=\"async\" class=\"alignnone size-medium wp-image-1275\" title=\"Ispred skole docekala nas je i hrvatska zastava 2005.\" src=\"http:\/\/www.ss-aharacica-malilosinj.com.hr\/wp-content\/uploads\/2011\/11\/Ispred-skole-docekala-nas-je-i-hrvatska-zastava-2005.-300x203.jpg\" alt=\"\" width=\"300\" height=\"203\" srcset=\"http:\/\/www.ss-aharacica-malilosinj.com.hr\/wp-content\/uploads\/2011\/11\/Ispred-skole-docekala-nas-je-i-hrvatska-zastava-2005.-300x203.jpg 300w, http:\/\/www.ss-aharacica-malilosinj.com.hr\/wp-content\/uploads\/2011\/11\/Ispred-skole-docekala-nas-je-i-hrvatska-zastava-2005..jpg 640w\" sizes=\"auto, (max-width: 300px) 100vw, 300px\" \/><\/a><\/p>\n<p>Katedrala u Mainzu<\/p>\n<p><a href=\"http:\/\/www.ss-aharacica-malilosinj.com.hr\/wp-content\/uploads\/2011\/11\/Katedrala-u-Mainzu-2005..jpg\"><img loading=\"lazy\" decoding=\"async\" class=\"alignnone size-medium wp-image-1276\" title=\"Katedrala u Mainzu 2005.\" src=\"http:\/\/www.ss-aharacica-malilosinj.com.hr\/wp-content\/uploads\/2011\/11\/Katedrala-u-Mainzu-2005.-199x300.jpg\" alt=\"\" width=\"199\" height=\"300\" srcset=\"http:\/\/www.ss-aharacica-malilosinj.com.hr\/wp-content\/uploads\/2011\/11\/Katedrala-u-Mainzu-2005.-199x300.jpg 199w, http:\/\/www.ss-aharacica-malilosinj.com.hr\/wp-content\/uploads\/2011\/11\/Katedrala-u-Mainzu-2005..jpg 640w\" sizes=\"auto, (max-width: 199px) 100vw, 199px\" \/><\/a><\/p>\n<p>Na primanju kod gradona\u010delnika Hasslocha<\/p>\n<p><a href=\"http:\/\/www.ss-aharacica-malilosinj.com.hr\/wp-content\/uploads\/2011\/11\/Na-primanju-kod-gradonacelnika-Hasslocha-2005..jpg\"><img loading=\"lazy\" decoding=\"async\" class=\"alignnone size-medium wp-image-1277\" title=\"Na primanju kod gradonacelnika Hasslocha 2005.\" src=\"http:\/\/www.ss-aharacica-malilosinj.com.hr\/wp-content\/uploads\/2011\/11\/Na-primanju-kod-gradonacelnika-Hasslocha-2005.-300x204.jpg\" alt=\"\" width=\"300\" height=\"204\" srcset=\"http:\/\/www.ss-aharacica-malilosinj.com.hr\/wp-content\/uploads\/2011\/11\/Na-primanju-kod-gradonacelnika-Hasslocha-2005.-300x204.jpg 300w, http:\/\/www.ss-aharacica-malilosinj.com.hr\/wp-content\/uploads\/2011\/11\/Na-primanju-kod-gradonacelnika-Hasslocha-2005..jpg 640w\" sizes=\"auto, (max-width: 300px) 100vw, 300px\" \/><\/a><\/p>\n<p>U Hasslochu<\/p>\n<p><a href=\"http:\/\/www.ss-aharacica-malilosinj.com.hr\/wp-content\/uploads\/2011\/11\/U-Hasslochu-2005..jpg\"><img loading=\"lazy\" decoding=\"async\" class=\"alignnone size-medium wp-image-1278\" title=\"U Hasslochu 2005.\" src=\"http:\/\/www.ss-aharacica-malilosinj.com.hr\/wp-content\/uploads\/2011\/11\/U-Hasslochu-2005.-300x203.jpg\" alt=\"\" width=\"300\" height=\"203\" srcset=\"http:\/\/www.ss-aharacica-malilosinj.com.hr\/wp-content\/uploads\/2011\/11\/U-Hasslochu-2005.-300x203.jpg 300w, http:\/\/www.ss-aharacica-malilosinj.com.hr\/wp-content\/uploads\/2011\/11\/U-Hasslochu-2005..jpg 640w\" sizes=\"auto, (max-width: 300px) 100vw, 300px\" \/><\/a><\/p>\n<p>U Mainzu<\/p>\n<p><a href=\"http:\/\/www.ss-aharacica-malilosinj.com.hr\/wp-content\/uploads\/2011\/11\/U-Mainzu-2005..jpg\"><img loading=\"lazy\" decoding=\"async\" class=\"alignnone size-medium wp-image-1279\" title=\"U Mainzu 2005.\" src=\"http:\/\/www.ss-aharacica-malilosinj.com.hr\/wp-content\/uploads\/2011\/11\/U-Mainzu-2005.-300x191.jpg\" alt=\"\" width=\"300\" height=\"191\" srcset=\"http:\/\/www.ss-aharacica-malilosinj.com.hr\/wp-content\/uploads\/2011\/11\/U-Mainzu-2005.-300x191.jpg 300w, http:\/\/www.ss-aharacica-malilosinj.com.hr\/wp-content\/uploads\/2011\/11\/U-Mainzu-2005..jpg 640w\" sizes=\"auto, (max-width: 300px) 100vw, 300px\" \/><\/a><\/p>\n<p>U oslikanoj pu\u0161a\u010dkoj zoni ispred \u0161kole<\/p>\n<p><a href=\"http:\/\/www.ss-aharacica-malilosinj.com.hr\/wp-content\/uploads\/2011\/11\/U-oslikanoj-pusackoj-zoni-ispred-skole-2005..jpg\"><img loading=\"lazy\" decoding=\"async\" class=\"alignnone size-medium wp-image-1280\" title=\"U oslikanoj pusackoj zoni ispred skole 2005.\" src=\"http:\/\/www.ss-aharacica-malilosinj.com.hr\/wp-content\/uploads\/2011\/11\/U-oslikanoj-pusackoj-zoni-ispred-skole-2005.-300x203.jpg\" alt=\"\" width=\"300\" height=\"203\" srcset=\"http:\/\/www.ss-aharacica-malilosinj.com.hr\/wp-content\/uploads\/2011\/11\/U-oslikanoj-pusackoj-zoni-ispred-skole-2005.-300x203.jpg 300w, http:\/\/www.ss-aharacica-malilosinj.com.hr\/wp-content\/uploads\/2011\/11\/U-oslikanoj-pusackoj-zoni-ispred-skole-2005..jpg 640w\" sizes=\"auto, (max-width: 300px) 100vw, 300px\" \/><\/a><\/p>\n<p>U tvornici za recikla\u017eu sme\u0107a Jakob Becker Entsorgungs GmbH u Wormsu<\/p>\n<p><a href=\"http:\/\/www.ss-aharacica-malilosinj.com.hr\/wp-content\/uploads\/2011\/11\/U-tvornici-za-reciklazu-smeca-Jakob-Becker-Entsorgungs-GmbH-u-Wormsu-2005..jpg\"><img loading=\"lazy\" decoding=\"async\" class=\"alignnone size-medium wp-image-1281\" title=\"U tvornici za reciklazu smeca Jakob Becker Entsorgungs GmbH u Wormsu 2005.\" src=\"http:\/\/www.ss-aharacica-malilosinj.com.hr\/wp-content\/uploads\/2011\/11\/U-tvornici-za-reciklazu-smeca-Jakob-Becker-Entsorgungs-GmbH-u-Wormsu-2005.-300x203.jpg\" alt=\"\" width=\"300\" height=\"203\" srcset=\"http:\/\/www.ss-aharacica-malilosinj.com.hr\/wp-content\/uploads\/2011\/11\/U-tvornici-za-reciklazu-smeca-Jakob-Becker-Entsorgungs-GmbH-u-Wormsu-2005.-300x203.jpg 300w, http:\/\/www.ss-aharacica-malilosinj.com.hr\/wp-content\/uploads\/2011\/11\/U-tvornici-za-reciklazu-smeca-Jakob-Becker-Entsorgungs-GmbH-u-Wormsu-2005..jpg 640w\" sizes=\"auto, (max-width: 300px) 100vw, 300px\" \/><\/a><\/p>\n","protected":false},"excerpt":{"rendered":"<p>Od 10. do 19. o\u017eujka 2005. u razmjeni je sudjelovalo 20 u\u010denika: Ana Kersuli\u0107, Ema Kne\u017eevi\u0107, Lana Rante\u0161, Ema Celini\u0107, Kristina Divi\u0107, Jelena Dr\u010da, Ines Sterpin, Tena Ivaz, Tea Horvat, Luka Crnekovi\u0107, Mia Baoti\u0107, Tamara \u0160ulovi\u0107, Vlasta Pavi\u010di\u0107, Aleksandra Bo\u017eani\u0107, Ivana Krivi\u010di\u0107, Petra Fu\u010di\u0107, Sandra Oltran, Paolo Dunkovi\u0107, Bojan Mali\u0107 i Nina \u0160\u0107eki\u0107 u pratnji [&hellip;]<\/p>\n","protected":false},"author":11,"featured_media":0,"parent":1003,"menu_order":3,"comment_status":"closed","ping_status":"open","template":"","meta":{"footnotes":""},"class_list":["post-1274","page","type-page","status-publish","hentry"],"_links":{"self":[{"href":"http:\/\/www.ss-aharacica-malilosinj.com.hr\/index.php?rest_route=\/wp\/v2\/pages\/1274","targetHints":{"allow":["GET"]}}],"collection":[{"href":"http:\/\/www.ss-aharacica-malilosinj.com.hr\/index.php?rest_route=\/wp\/v2\/pages"}],"about":[{"href":"http:\/\/www.ss-aharacica-malilosinj.com.hr\/index.php?rest_route=\/wp\/v2\/types\/page"}],"author":[{"embeddable":true,"href":"http:\/\/www.ss-aharacica-malilosinj.com.hr\/index.php?rest_route=\/wp\/v2\/users\/11"}],"replies":[{"embeddable":true,"href":"http:\/\/www.ss-aharacica-malilosinj.com.hr\/index.php?rest_route=%2Fwp%2Fv2%2Fcomments&post=1274"}],"version-history":[{"count":4,"href":"http:\/\/www.ss-aharacica-malilosinj.com.hr\/index.php?rest_route=\/wp\/v2\/pages\/1274\/revisions"}],"predecessor-version":[{"id":3035,"href":"http:\/\/www.ss-aharacica-malilosinj.com.hr\/index.php?rest_route=\/wp\/v2\/pages\/1274\/revisions\/3035"}],"up":[{"embeddable":true,"href":"http:\/\/www.ss-aharacica-malilosinj.com.hr\/index.php?rest_route=\/wp\/v2\/pages\/1003"}],"wp:attachment":[{"href":"http:\/\/www.ss-aharacica-malilosinj.com.hr\/index.php?rest_route=%2Fwp%2Fv2%2Fmedia&parent=1274"}],"curies":[{"name":"wp","href":"https:\/\/api.w.org\/{rel}","templated":true}]}}