{"id":12393,"date":"2019-01-30T11:19:52","date_gmt":"2019-01-30T11:19:52","guid":{"rendered":"http:\/\/www.ss-aharacica-malilosinj.com.hr\/?page_id=12393"},"modified":"2019-04-26T20:07:56","modified_gmt":"2019-04-26T20:07:56","slug":"skolska-godina-2018-2019","status":"publish","type":"page","link":"http:\/\/www.ss-aharacica-malilosinj.com.hr\/?page_id=12393","title":{"rendered":"\u0160kolska godina 2018.\/2019."},"content":{"rendered":"<p><a href=\"http:\/\/www.ss-aharacica-malilosinj.com.hr\/wp-content\/uploads\/2019\/01\/Me\u0111unarodna-razmjena-u\u010denika-Obrazac-prijave-za-vi\u0161ednevnu-izvanu\u010dioni\u010dku-nastavu.pdf\">Me\u0111unarodna razmjena u\u010denika &#8211; Obrazac prijave za vi\u0161ednevnu izvanu\u010dioni\u010dku nastavu<\/a>&nbsp;objavljeno 30.01.2019.<\/p>\n<p><a href=\"http:\/\/www.ss-aharacica-malilosinj.com.hr\/wp-content\/uploads\/2019\/01\/arriva.pdf\">Me\u0111unarodna razmjena u\u010denika &#8211; odluka o odabiru prijevoznika objavljeno<\/a>&nbsp;27. 2. 2019.<\/p>\n<p><a href=\"http:\/\/www.ss-aharacica-malilosinj.com.hr\/wp-content\/uploads\/2019\/01\/Maturalna-ekskurzija-2019.-Obrazac-poziva-.pdf\">Maturalna ekskurzija 2019. &#8211; Obrazac poziva za organizaciju vi\u0161ednevne u\u010dioni\u010dke nastave<\/a>&nbsp;&#8211; objavljeno 11.03.2019.<\/p>\n<p><a href=\"http:\/\/www.ss-aharacica-malilosinj.com.hr\/wp-content\/uploads\/2019\/04\/IMG_20190410_0001.pdf\">Maturalno putovanje 2019 &#8211; Odluka od odabiru putni\u010dke agencije<\/a><br \/>\n&#8211; datum objave 3. 4. 2019.<\/p>\n","protected":false},"excerpt":{"rendered":"<p>Me\u0111unarodna razmjena u\u010denika &#8211; Obrazac prijave za vi\u0161ednevnu izvanu\u010dioni\u010dku nastavu&nbsp;objavljeno 30.01.2019. Me\u0111unarodna razmjena u\u010denika &#8211; odluka o odabiru prijevoznika objavljeno&nbsp;27. 2. 2019. Maturalna ekskurzija 2019. &#8211; Obrazac poziva za organizaciju vi\u0161ednevne u\u010dioni\u010dke nastave&nbsp;&#8211; objavljeno 11.03.2019. Maturalno putovanje 2019 &#8211; Odluka od odabiru putni\u010dke agencije &#8211; datum objave 3. 4. 2019.<\/p>\n","protected":false},"author":14,"featured_media":0,"parent":4907,"menu_order":0,"comment_status":"closed","ping_status":"closed","template":"","meta":{"footnotes":""},"class_list":["post-12393","page","type-page","status-publish","hentry"],"_links":{"self":[{"href":"http:\/\/www.ss-aharacica-malilosinj.com.hr\/index.php?rest_route=\/wp\/v2\/pages\/12393","targetHints":{"allow":["GET"]}}],"collection":[{"href":"http:\/\/www.ss-aharacica-malilosinj.com.hr\/index.php?rest_route=\/wp\/v2\/pages"}],"about":[{"href":"http:\/\/www.ss-aharacica-malilosinj.com.hr\/index.php?rest_route=\/wp\/v2\/types\/page"}],"author":[{"embeddable":true,"href":"http:\/\/www.ss-aharacica-malilosinj.com.hr\/index.php?rest_route=\/wp\/v2\/users\/14"}],"replies":[{"embeddable":true,"href":"http:\/\/www.ss-aharacica-malilosinj.com.hr\/index.php?rest_route=%2Fwp%2Fv2%2Fcomments&post=12393"}],"version-history":[{"count":8,"href":"http:\/\/www.ss-aharacica-malilosinj.com.hr\/index.php?rest_route=\/wp\/v2\/pages\/12393\/revisions"}],"predecessor-version":[{"id":13012,"href":"http:\/\/www.ss-aharacica-malilosinj.com.hr\/index.php?rest_route=\/wp\/v2\/pages\/12393\/revisions\/13012"}],"up":[{"embeddable":true,"href":"http:\/\/www.ss-aharacica-malilosinj.com.hr\/index.php?rest_route=\/wp\/v2\/pages\/4907"}],"wp:attachment":[{"href":"http:\/\/www.ss-aharacica-malilosinj.com.hr\/index.php?rest_route=%2Fwp%2Fv2%2Fmedia&parent=12393"}],"curies":[{"name":"wp","href":"https:\/\/api.w.org\/{rel}","templated":true}]}}